he prime factors of 392130291?
3, 7, 131, 2909
What are the prime factors of 1998243225?
3, 5, 11, 807371
What are the prime factors of 66819585?
3, 5, 7, 90911
What are the prime factors of 2307969298?
2, 1321, 873569
List the prime factors of 1556088396.
2, 3, 129674033
List the prime factors of 47367272.
2, 5920909
List the prime factors of 67326824.
2, 163, 51631
List the prime factors of 821956706.
2, 15473, 26561
List the prime factors of 2064444361.
7, 197, 491, 3049
List the prime factors of 3840975405.
3, 5, 85355009
What are the prime factors of 353586031?
31, 11406001
What are the prime factors of 24856253?
1091, 22783
What are the prime factors of 112734952?
2, 11, 47, 97, 281
What are the prime factors of 41875381?
41875381
What are the prime factors of 36026973?
3, 4002997
List the prime factors of 179069400.
2, 3, 5, 33161
What are the prime factors of 299098311?
3, 61, 1634417
List the prime factors of 218813000.
2, 5, 7, 31259
What are the prime factors of 164393519?
17, 9670207
What are the prime factors of 3021915167?
89, 941, 36083
List the prime factors of 161039333.
7, 13, 241, 1049
List the prime factors of 2824035284.
2, 7, 19, 307, 17291
List the prime factors of 187210371.
3, 5381, 11597
List the prime factors of 41463858.
2, 3, 71, 131, 743
What are the prime factors of 50368424?
2, 6296053
List the prime factors of 1178241858.
2, 3, 8011, 8171
What are the prime factors of 152936627?
71, 2154037
What are the prime factors of 132823642?
2, 7, 19, 281, 1777
What are the prime factors of 2642286960?
2, 3, 5, 1223281
List the prime factors of 24934147.
7, 131, 27191
What are the prime factors of 328015106?
2, 6367, 25759
What are the prime factors of 87876896?
2, 131, 20963
List the prime factors of 1966530.
2, 3, 5, 65551
List the prime factors of 77772588.
2, 3, 223, 29063
List the prime factors of 54120563.
7, 523, 14783
What are the prime factors of 1620951294?
2, 3, 19, 131, 108541
What are the prime factors of 625505324?
2, 709, 220559
What are the prime factors of 5727570?
2, 3, 5, 71, 2689
List the prime factors of 1890670947.
3, 11, 57293059
List the prime factors of 4903943.
11, 37, 12049
List the prime factors of 67236391.
43, 83, 18839
List the prime factors of 4812893773.
23, 41, 5103811
List the prime factors of 4579313901.
3, 1526437967
List the prime factors of 179194844.
2, 4903, 9137
What are the prime factors of 3674724383?
11, 30369623
List the prime factors of 38783505.
3, 5, 191, 13537
List the prime factors of 69135843.
3, 7, 3292183
What are the prime factors of 1563479373?
3, 7207, 72313
List the prime factors of 1669418377.
11, 17, 2003, 4457
What are the prime factors of 113433038?
2, 53, 61, 331
List the prime factors of 70170904.
2, 8771363
What are the prime factors of 1031999132?
2, 239, 269, 4013
List the prime factors of 997686512.
2, 62355407
List the prime factors of 579493238.
2, 251, 1154369
What are the prime factors of 884767871?
13, 43, 233, 6793
What are the prime factors of 3760901420?
2, 5, 19, 9897109
List the prime factors of 108502277.
13, 41, 203569
What are the prime factors of 886163863?
13, 73, 933787
List the prime factors of 7845074713.
7, 1120724959
What are the prime factors of 2355089784?
2, 3, 23, 59, 72313
What are the prime factors of 1086199023?
3, 7, 13, 81199
List the prime factors of 478228843.
43, 11121601
What are the prime factors of 872529697?
13, 857, 78317
What are the prime factors of 67813529?
7, 9687647
What are the prime factors of 207599426?
2, 23, 4513031
List the prime factors of 10116815.
5, 2023363
List the prime factors of 39139984.
2, 13, 17, 11069
What are the prime factors of 347645882?
2, 193, 821, 1097
List the prime factors of 20946703.
17, 251, 4909
List the prime factors of 225137112.
2, 3, 397, 23629
What are the prime factors of 76915488?
2, 3, 13, 61631
What are the prime factors of 1333291800?
2, 3, 5, 131, 16963
What are the prime factors of 1203232033?
1367, 880199
What are the prime factors of 52694600?
2, 5, 7, 19, 283
List the prime factors of 956796850.
2, 5, 67, 285611
What are the prime factors of 871264820?
2, 5, 331, 131611
What are the prime factors of 42422211?
3, 13, 1033
What are the prime factors of 24035055?
3, 5, 11, 29, 5023
List the prime factors of 86638174.
2, 7, 827, 1069
List the prime factors of 205080350.
2, 5, 17, 241271
List the prime factors of 52933713.
3, 7, 79, 31907
List the prime factors of 3305830195.
5, 131, 571, 8839
What are the prime factors of 5006908?
2, 17, 29, 2539
What are the prime factors of 1173376604?
2, 43, 263, 25939
List the prime factors of 92060434.
2, 19, 2422643
What are the prime factors of 14900043?
3, 61, 81421
List the prime factors of 12533135.
5, 149, 16823
What are the prime factors of 2348465215?
5, 47, 212627
What are the prime factors of 76035148?
2, 7, 23, 37, 3191
List the prime factors of 5829332.
2, 1457333
What are the prime factors of 1255321470?
2, 3, 5, 13, 3218773
What are the prime factors of 150935153?
971, 155443
List the prime factors of 2196213703.
29, 67, 1130321
What are the prime factors of 631170355?
5, 29, 61, 71359
What are the prime factors of 461391008?
2, 13, 1109113
What are the prime factors of 32760863?
32760863
List the prime factors of 49924864.
2, 11, 17729
List the prime factors of 2685243673.
7, 383606239
List the prime factors of 823436519.
823436519
What are the prime factors of 74493493?
74493493
What are the prime factors of 21502425?
3, 5, 7, 5851
List the prime factors of 1400140647.
3, 19, 909773
What are the prime factors of 6432204?
2, 3, 536017
What are the prime factors of 714403522?
2, 7, 131, 389533
List the prime factors of 2946591733.
383, 1657, 4643
What are the prime factors of 1091495569?
2659, 410491
What are the prime factors of 563435973?
3, 73, 179, 1597
What are the prime factors of 77983670?
2, 5, 53, 147139
What are the prime factors of 1427007533?
7, 107, 1171, 1627
List the prime factors of 1530324424.
2, 31, 6170663
List the prime factors of 1436318071.
31, 83, 101, 5527
List the prime factors of 199365718.
2, 101, 986959
What are the prime factors of 916387790?
2, 5, 4463, 20533
What are the prime factors of 1517975701?
11, 521, 264871
List the prime factors of 45815620.
2, 5, 37, 101, 613
List the prime factors of 12158363.
7, 787, 2207
List the prime factors of 224543991.
3, 7, 79, 135349
What are the prime factors of 4101025507?
9677, 423791
List the prime factors of 73942926.
2, 3, 41, 300581
List the prime factors of 2995043173.
137, 151, 144779
What are the prime factors of 3139404598?
2, 11, 142700209
What are the prime factors of 28254746?
2, 13, 59, 113, 163
List the prime factors of 13072282.
2, 6536141
List the prime factors of 353353477.
241, 1193, 1229
List the prime factors of 74919147.
3, 19, 1314371
List the prime factors of 80728772.
2, 157, 128549
What are the prime factors of 52870571?
13, 67, 101, 601
List the prime factors of 67205515.
5, 13, 83, 12457
What are the prime factors of 3593537797?
47, 233, 239, 1373
List the prime factors of 520083395.
5, 13, 83, 96401
What are the prime factors of 2179865239?
17, 2087, 61441
List the prime factors of 634090880.
2, 5, 990767
What are the prime factors of 336568274?
2, 7, 89, 313, 863
What are the prime factors of 213149719?
4547, 46877
What are the prime factors of 3199135443?
3, 7, 293, 519931
List the prime factors of 1569227378.
2, 31, 313, 80863
What are the prime factors of 6890524?
2, 23, 74897
What are the prime factors of 41411075?
5, 73, 22691
List the prime factors of 90368233.
53, 73, 23357
What are the prime factors of 203316222?
2, 3, 5527, 6131
What are the prime factors of 1554493597?
397, 3915601
What are the prime factors of 247163452?
2, 61790863
List the prime factors of 916123247.
13, 19, 137, 27073
What are the prime factors of 63205642?
2, 2143, 14747
List the prime factors of 75373397.
11, 6852127
List the prime factors of 31178999.
43, 53, 13681
What are the prime factors of 31145106?
2, 3, 5190851
What are the prime factors of 2127537964?
2, 17, 31287323
List the prime factors of 8359526.
2, 7, 367, 1627
List the prime factors of 145518713.
145518713
List the prime factors of 59937923.
59, 1015897
What are the pri